s the greatest common factor of 1739499 and 321?
321
Calculate the highest common divisor of 3728235 and 42.
21
Calculate the greatest common divisor of 60 and 23550.
30
What is the highest common factor of 404 and 16?
4
Calculate the highest common factor of 6721 and 27401.
517
Calculate the greatest common factor of 25366 and 22.
22
Calculate the greatest common factor of 713640 and 3.
3
Calculate the highest common divisor of 10802 and 484.
22
What is the highest common divisor of 388995 and 255?
15
Calculate the highest common factor of 5085 and 28137.
339
Calculate the highest common factor of 156 and 126516.
156
Calculate the greatest common factor of 9 and 648279.
9
Calculate the highest common factor of 16272 and 11664.
144
Calculate the greatest common divisor of 240550 and 14450.
850
What is the highest common factor of 35510 and 1325?
265
Calculate the greatest common divisor of 355 and 196244.
71
What is the highest common divisor of 3184 and 9751?
199
Calculate the highest common factor of 85989 and 57.
3
What is the highest common factor of 8265 and 270?
15
What is the greatest common factor of 267792 and 336?
336
Calculate the greatest common divisor of 29986 and 638.
638
What is the greatest common divisor of 89343 and 54?
27
What is the highest common divisor of 56 and 6520?
8
What is the highest common divisor of 748 and 80036?
748
Calculate the greatest common divisor of 8463 and 18291.
273
Calculate the highest common factor of 108 and 299532.
12
Calculate the highest common factor of 47334 and 7314.
138
Calculate the highest common divisor of 1376013 and 7845.
1569
Calculate the greatest common factor of 27 and 97389.
27
What is the greatest common factor of 924 and 56?
28
What is the greatest common divisor of 665 and 720265?
35
Calculate the greatest common factor of 86310 and 720.
90
What is the greatest common divisor of 9 and 176949?
9
What is the greatest common factor of 3540 and 3325830?
1770
What is the greatest common divisor of 468 and 39?
39
What is the greatest common divisor of 2736456 and 408?
408
What is the greatest common factor of 90 and 57555?
45
Calculate the greatest common factor of 19214 and 1274.
26
What is the greatest common factor of 80 and 60080?
80
What is the greatest common factor of 654 and 7516749?
327
What is the highest common divisor of 4532 and 1760?
44
Calculate the highest common divisor of 90 and 388350.
90
Calculate the highest common divisor of 3639602 and 6498.
722
Calculate the greatest common factor of 16 and 1234992.
16
Calculate the highest common divisor of 31 and 144987.
31
What is the greatest common factor of 634387 and 13?
13
What is the highest common divisor of 1875 and 55125?
375
Calculate the greatest common factor of 8591 and 76714.
121
What is the greatest common factor of 174 and 165822?
174
What is the highest common divisor of 364 and 121160?
52
Calculate the highest common divisor of 187741 and 591.
197
What is the highest common divisor of 4171 and 4429?
43
Calculate the highest common factor of 2192 and 3562.
274
What is the greatest common factor of 39 and 19149?
39
Calculate the highest common factor of 96670 and 560.
70
Calculate the greatest common divisor of 38367 and 1470.
147
What is the greatest common divisor of 40310 and 1189?
29
Calculate the greatest common factor of 60 and 33000.
60
What is the greatest common factor of 4190 and 1930?
10
What is the highest common divisor of 1 and 41117?
1
What is the highest common factor of 939721 and 95?
19
What is the greatest common factor of 78 and 1302?
6
What is the highest common divisor of 525941 and 3588?
299
Calculate the highest common divisor of 249 and 3403.
83
Calculate the highest common factor of 16210 and 270.
10
What is the greatest common factor of 106 and 242?
2
Calculate the highest common factor of 2037423 and 739.
739
Calculate the highest common divisor of 12 and 281364.
12
What is the greatest common factor of 18767 and 294?
49
Calculate the highest common factor of 242 and 1337270.
22
What is the greatest common divisor of 57925 and 385?
35
Calculate the greatest common divisor of 17 and 1069.
1
What is the highest common divisor of 17514 and 10647?
63
What is the highest common factor of 5844 and 1152?
12
Calculate the greatest common factor of 3648 and 23484.
228
Calculate the greatest common factor of 4224 and 513792.
384
Calculate the highest common factor of 3339 and 1272.
159
Calculate the highest common factor of 44 and 242627.
11
Calculate the highest common divisor of 1116654 and 462.
462
Calculate the highest common divisor of 9291 and 5605.
19
Calculate the highest common divisor of 4 and 1142794.
2
Calculate the highest common factor of 7130 and 53360.
230
What is the greatest common factor of 8 and 889004?
4
Calculate the greatest common factor of 2292 and 28077.
573
Calculate the highest common factor of 3868 and 444.
4
What is the highest common factor of 155733 and 483?
69
Calculate the greatest common divisor of 48 and 18498.
6
Calculate the highest common divisor of 328170 and 75.
15
What is the highest common divisor of 4544 and 355?
71
Calculate the greatest common divisor of 5104736 and 896.
224
Calculate the highest common divisor of 688982 and 406.
406
Calculate the highest common divisor of 114444 and 1020.
204
What is the highest common divisor of 29 and 64?
1
Calculate the greatest common divisor of 533 and 64493.
533
What is the greatest common factor of 52949 and 1417?
13
What is the highest common factor of 52785 and 27999?
459
Calculate the highest common divisor of 95 and 92150.
95
Calculate the highest common factor of 633692 and 68.
68
Calculate the greatest common factor of 5 and 6505.
5
Calculate the greatest common divisor of 755 and 1837217.
151
What is the highest common divisor of 23622 and 124?
62
What is the highest common divisor of 4503 and 19171?
19
What is the greatest common divisor of 147642 and 1518?
66
Calculate the greatest common divisor of 84 and 3721431.
21
Calculate the greatest common divisor of 1661 and 77.
11
What is the greatest common factor of 252 and 18690?
42
Calculate the highest common factor of 4104 and 1072.
8
What is the highest common divisor of 228 and 5687004?
228
Calculate the highest common factor of 1992 and 1344.
24
Calculate the greatest common factor of 365 and 1230780.
365
Calculate the highest common factor of 8946 and 6286.
14
Calculate the greatest common factor of 530 and 50562.
106
What is the greatest common factor of 385 and 172711?
77
What is the greatest common divisor of 1646470 and 215?
215
What is the highest common divisor of 882 and 44856?
126
What is the highest common divisor of 132536 and 72?
8
Calculate the greatest common divisor of 27671 and 19229.
469
What is the greatest common factor of 1446 and 305829?
723
What is the greatest common divisor of 12780 and 2340?
180
Calculate the greatest common divisor of 15090 and 245967.
1509
Calculate the highest common divisor of 72068 and 344.
172
What is the greatest common factor of 2220348 and 344?
172
What is the greatest common divisor of 19639 and 11496?
479
What is the highest common factor of 129259 and 3172?
793
What is the highest common divisor of 3114776 and 12?
4
Calculate the greatest common divisor of 68 and 135558.
34
Calculate the greatest common divisor of 110 and 531905.
55
Calculate the greatest common divisor of 5142904 and 104.
104
What is the highest common divisor of 99396 and 24?
12
What is the greatest common divisor of 451673 and 255?
17
What is the highest common factor of 1980033 and 957?
957
What is the greatest common factor of 506 and 165209?
253
Calculate the greatest common factor of 591 and 6.
3
Calculate the highest common divisor of 36 and 203.
1
Calculate the highest common divisor of 7792 and 29296.
16
Calculate the highest common factor of 3039 and 1653.
3
Calculate the greatest common divisor of 11132153 and 37.
37
Calculate the greatest common factor of 143365 and 795.
265
Calculate the greatest common divisor of 433986 and 84.
42
What is the highest common divisor of 69 and 62537?
23
Calculate the greatest common factor of 1794 and 12696.
138
Calculate the greatest common factor of 190055 and 15.
5
Wha